{"id":5145,"date":"2015-04-24T16:35:08","date_gmt":"2015-04-24T16:35:08","guid":{"rendered":"http:\/\/www.pitpitpit.com\/blogue\/?page_id=5145"},"modified":"2024-08-28T10:57:39","modified_gmt":"2024-08-28T14:57:39","slug":"conferences","status":"publish","type":"page","link":"https:\/\/www.pitpitpit.com\/blogue\/conferences\/","title":{"rendered":"CONF\u00c9RENCES"},"content":{"rendered":"<p>(Les conf\u00e9rences peuvent \u00eatre offertes en\u00a0<strong>pr\u00e9sentiel<\/strong>\u00a0ou en\u00a0<strong>virtuel<\/strong>)<\/p>\n<p>Serge Beaudette se consacre \u00e0 temps plein \u00e0 sensibiliser les gens \u00e0 la nature, son respect et sa compr\u00e9hension.<\/p>\n<p>Chroniqueur r\u00e9gulier \u00e0 Radio-Canada et pour La Tribune, il signe aussi des textes dans plusieurs livres et revues. Ces textes sont agr\u00e9ment\u00e9s de ses photographies, \u00e0 travers lesquelles il partage le regard sensible et unique qu\u2019il pose sur les \u00eatres vivants.<\/p>\n<p>Reconnu comme une sommit\u00e9 au Qu\u00e9bec, il partage sa passion et ses connaissances en offrant des<span style=\"font-size: 1rem;\">\u00a0cours, des conf\u00e9rences, des randonn\u00e9es guid\u00e9es et des voyages organis\u00e9s partout sur la plan\u00e8te.<\/span><\/p>\n<p><span style=\"font-size: 1rem;\">P\u00e9dagogue et grand communicateur, il nous livre de fa\u00e7on claire ses acquis et son message avec une belle touche d\u2019humour et des r\u00e9flexions philosophiques non moralisatrices&#8230; souvent\u00a0en y incluant\u00a0l\u2019humain!<\/span><\/p>\n<p><span style=\"font-size: 1rem;\">Vous \u00eates une entreprise, ou un organisme comme un club ornithologique, un club horticole, une association de sensibilisation \u00e0 l&rsquo;environnement ou de protection de la nature? Contactez-nous et nous pourrons convenir ensemble de la conf\u00e9rence qui int\u00e9ressera le plus vos membres.<\/span><\/p>\n<h2>Voici les conf\u00e9rences propos\u00e9es :<br \/>\n<span style=\"font-family: Arial, sans-serif; font-size: medium;\">(cliquez sur le titre pour la description)<\/span><\/h2>\n<ul>\n<li><a title=\"Cervelle d\u2019oiseau: compliment ou insulte?\" href=\"https:\/\/www.pitpitpit.com\/blogue\/cervelle-doiseau-compliment-ou-insulte\/\" target=\"_blank\" rel=\"noopener\">Cervelle d&rsquo;oiseau: compliment ou insulte?<\/a><\/li>\n<li><a title=\"Le grand myst\u00e8re de la migration\" href=\"https:\/\/www.pitpitpit.com\/blogue\/le-grand-mystere-de-la-migration\/\" target=\"_blank\" rel=\"noopener\">Le grand myst\u00e8re de la migration<\/a><\/li>\n<li><a title=\"Les oiseaux pr\u00e9f\u00e8rent-ils les blondes ou les brunes?\" href=\"https:\/\/www.pitpitpit.com\/blogue\/les-oiseaux-preferent-ils-les-blondes-ou-les-brunes\/\" target=\"_blank\" rel=\"noopener\">Les oiseaux pr\u00e9f\u00e8rent-ils les blondes ou les brunes?<\/a><\/li>\n<li><a href=\"https:\/\/www.pitpitpit.com\/blogue\/prouesses-doiseaux-une-lecon-dhumilite\/\" target=\"_blank\" rel=\"noopener\">Prouesses d&rsquo;oiseaux: une le\u00e7on d&rsquo;humilit\u00e9!<\/a><\/li>\n<li><a href=\"https:\/\/www.pitpitpit.com\/blogue\/exotisme-exuberance-et-originalite-chez-les-oiseaux-source-demerveillement-infini\/\" target=\"_blank\" rel=\"noopener\">Exotisme, exub\u00e9rance et originalit\u00e9 chez les oiseaux: source d&rsquo;\u00e9merveillement infini!<\/a><\/li>\n<li><a title=\"Au sommet de l\u2019\u00e9volution: l\u2019homme ou l\u2019oiseau?\" href=\"https:\/\/www.pitpitpit.com\/blogue\/au-sommet-de-levolution-lhomme-ou-loiseau\/\" target=\"_blank\" rel=\"noopener\">Au sommet de l&rsquo;\u00e9volution: l&rsquo;homme ou l&rsquo;oiseau?<\/a><\/li>\n<li><a title=\"Des oiseaux aux couleurs imaginaires\" href=\"https:\/\/www.pitpitpit.com\/blogue\/des-oiseaux-aux-couleurs-imaginaires\/\" target=\"_blank\" rel=\"noopener\">Des oiseaux aux couleurs imaginaires<\/a><\/li>\n<li><a title=\"Costa Rica : destination de r\u00eave\" href=\"https:\/\/www.pitpitpit.com\/blogue\/costa-rica-destination-de-reve\/\" target=\"_blank\" rel=\"noopener\">Costa Rica: destination de r\u00eave<\/a><\/li>\n<li><a title=\"Partir en famille sur des fermes biologiques\" href=\"https:\/\/www.pitpitpit.com\/blogue\/partir-en-famille-sur-des-fermes-biologiques\/\" target=\"_blank\" rel=\"noopener\">Partir en famille sur des fermes biologiques (en route vers l&rsquo;autosuffisance)<\/a><\/li>\n<li><a title=\"Les oiseaux, la photo\u2026 deux pr\u00e9textes pour s\u2019\u00e9merveiller et voyager\" href=\"https:\/\/www.pitpitpit.com\/blogue\/les-oiseaux-la-photo-deux-pretextes-pour-semerveiller-et-voyager\/\" target=\"_blank\" rel=\"noopener\">Les oiseaux, la photo\u2026 deux pr\u00e9textes pour s&rsquo;\u00e9merveiller et voyager<\/a><\/li>\n<li><span style=\"font-family: Arial, sans-serif; font-size: medium;\"><a title=\"Sauver la plan\u00e8te, les oiseaux savent comment!\" href=\"https:\/\/www.pitpitpit.com\/blogue\/sauver-la-planete-les-oiseaux-savent-comment\/\"><span style=\"font-size: 12pt;\">Sauver la plan\u00e8te? Les oiseaux savent comment!<\/span><\/a><\/span>\n<p>Aussi, des pr\u00e9sentations sur toutes ces <strong>destinations ornithologiques de r\u00eave :<br \/>\n<\/strong>(Pour voyager \u00e0 peu de frais !)<b><br \/>\n<\/b><\/li>\n<\/ul>\n<ul>\n<li><span style=\"color: #3399cc;\"><strong>Costa Rica<\/strong>, paradis des oiseaux!<\/span><\/li>\n<li><span style=\"color: #3399cc;\"><strong>Galapagos<\/strong>, l&rsquo;archipel mythique!<\/span><\/li>\n<li><span style=\"color: #3399cc;\"><strong>\u00c9quateur<\/strong>, la moiti\u00e9 du Monde!<\/span><\/li>\n<li><span style=\"color: #3399cc;\"><strong>Colombie<\/strong>, le pays \u00e0 la plus grande diversit\u00e9 d&rsquo;oiseaux!<\/span><\/li>\n<li><span style=\"color: #3399cc;\"><strong>Argentine<\/strong>, le bout du Monde!<\/span><\/li>\n<li><span style=\"color: #3399cc;\"><strong>Arizona<\/strong>, le sud ouest et sa diversit\u00e9 l\u00e9gendaire!<\/span><\/li>\n<li><span style=\"color: #3399cc;\"><strong>Texas<\/strong>, l&rsquo;exotisme en Am\u00e9rique!<\/span><\/li>\n<li><span style=\"color: #3399cc;\"><strong>Floride<\/strong>, un arri\u00e8re-pays sauvage et insoup\u00e7onn\u00e9!<\/span><br \/>\n<span style=\"color: #3399cc;\"> <em>(La Floride que personne ne conna\u00eet! Loin des plages et des autoroutes!)<\/em><\/span><\/li>\n<li><span style=\"color: #3399cc;\"><strong>Pointe-Pel\u00e9e<\/strong>, le tapis rouge des migrateurs au Canada!<\/span><\/li>\n<\/ul>\n","protected":false},"excerpt":{"rendered":"<p>(Les conf\u00e9rences peuvent \u00eatre offertes en\u00a0pr\u00e9sentiel\u00a0ou en\u00a0virtuel) Serge Beaudette se consacre \u00e0 temps plein \u00e0 sensibiliser les gens \u00e0 la nature, son respect et sa compr\u00e9hension. Chroniqueur r\u00e9gulier \u00e0 Radio-Canada et pour La Tribune, il signe aussi des textes dans plusieurs livres et revues. Ces textes sont agr\u00e9ment\u00e9s de ses photographies, \u00e0 travers lesquelles il [&hellip;]<\/p>\n","protected":false},"author":2,"featured_media":0,"parent":0,"menu_order":0,"comment_status":"closed","ping_status":"closed","template":"","meta":[],"yoast_head":"<!-- This site is optimized with the Yoast SEO plugin v19.13 - https:\/\/yoast.com\/wordpress\/plugins\/seo\/ -->\n<title>CONF\u00c9RENCES - Voyages ornithologiques Serge Beaudette<\/title>\n<meta name=\"robots\" content=\"index, follow, max-snippet:-1, max-image-preview:large, max-video-preview:-1\" \/>\n<link rel=\"canonical\" href=\"https:\/\/www.pitpitpit.com\/blogue\/conferences\/\" \/>\n<meta property=\"og:locale\" content=\"fr_FR\" \/>\n<meta property=\"og:type\" content=\"article\" \/>\n<meta property=\"og:title\" content=\"CONF\u00c9RENCES - Voyages ornithologiques Serge Beaudette\" \/>\n<meta property=\"og:description\" content=\"(Les conf\u00e9rences peuvent \u00eatre offertes en\u00a0pr\u00e9sentiel\u00a0ou en\u00a0virtuel) Serge Beaudette se consacre \u00e0 temps plein \u00e0 sensibiliser les gens \u00e0 la nature, son respect et sa compr\u00e9hension. Chroniqueur r\u00e9gulier \u00e0 Radio-Canada et pour La Tribune, il signe aussi des textes dans plusieurs livres et revues. Ces textes sont agr\u00e9ment\u00e9s de ses photographies, \u00e0 travers lesquelles il [&hellip;]\" \/>\n<meta property=\"og:url\" content=\"https:\/\/www.pitpitpit.com\/blogue\/conferences\/\" \/>\n<meta property=\"og:site_name\" content=\"Voyages ornithologiques Serge Beaudette\" \/>\n<meta property=\"article:publisher\" content=\"https:\/\/www.facebook.com\/pitpitpitoiseaux\" \/>\n<meta property=\"article:modified_time\" content=\"2024-08-28T14:57:39+00:00\" \/>\n<meta name=\"twitter:card\" content=\"summary_large_image\" \/>\n<meta name=\"twitter:label1\" content=\"Dur\u00e9e de lecture estim\u00e9e\" \/>\n\t<meta name=\"twitter:data1\" content=\"2 minutes\" \/>\n<script type=\"application\/ld+json\" class=\"yoast-schema-graph\">{\"@context\":\"https:\/\/schema.org\",\"@graph\":[{\"@type\":\"WebPage\",\"@id\":\"https:\/\/www.pitpitpit.com\/blogue\/conferences\/\",\"url\":\"https:\/\/www.pitpitpit.com\/blogue\/conferences\/\",\"name\":\"CONF\u00c9RENCES - Voyages ornithologiques Serge Beaudette\",\"isPartOf\":{\"@id\":\"https:\/\/www.pitpitpit.com\/blogue\/#website\"},\"datePublished\":\"2015-04-24T16:35:08+00:00\",\"dateModified\":\"2024-08-28T14:57:39+00:00\",\"breadcrumb\":{\"@id\":\"https:\/\/www.pitpitpit.com\/blogue\/conferences\/#breadcrumb\"},\"inLanguage\":\"fr-FR\",\"potentialAction\":[{\"@type\":\"ReadAction\",\"target\":[\"https:\/\/www.pitpitpit.com\/blogue\/conferences\/\"]}]},{\"@type\":\"BreadcrumbList\",\"@id\":\"https:\/\/www.pitpitpit.com\/blogue\/conferences\/#breadcrumb\",\"itemListElement\":[{\"@type\":\"ListItem\",\"position\":1,\"name\":\"Accueil\",\"item\":\"https:\/\/www.pitpitpit.com\/blogue\/\"},{\"@type\":\"ListItem\",\"position\":2,\"name\":\"CONF\u00c9RENCES\"}]},{\"@type\":\"WebSite\",\"@id\":\"https:\/\/www.pitpitpit.com\/blogue\/#website\",\"url\":\"https:\/\/www.pitpitpit.com\/blogue\/\",\"name\":\"Serge Beaudette Nature\",\"description\":\"Explorer, D\u00e9couvrir, Conna\u00eetre, S&#039;\u00e9merveiller!\",\"publisher\":{\"@id\":\"https:\/\/www.pitpitpit.com\/blogue\/#organization\"},\"potentialAction\":[{\"@type\":\"SearchAction\",\"target\":{\"@type\":\"EntryPoint\",\"urlTemplate\":\"https:\/\/www.pitpitpit.com\/blogue\/?s={search_term_string}\"},\"query-input\":\"required name=search_term_string\"}],\"inLanguage\":\"fr-FR\"},{\"@type\":\"Organization\",\"@id\":\"https:\/\/www.pitpitpit.com\/blogue\/#organization\",\"name\":\"Serge Beaudette Nature\",\"url\":\"https:\/\/www.pitpitpit.com\/blogue\/\",\"logo\":{\"@type\":\"ImageObject\",\"inLanguage\":\"fr-FR\",\"@id\":\"https:\/\/www.pitpitpit.com\/blogue\/#\/schema\/logo\/image\/\",\"url\":\"https:\/\/www.pitpitpit.com\/blogue\/wp-content\/uploads\/logo-web.jpg\",\"contentUrl\":\"https:\/\/www.pitpitpit.com\/blogue\/wp-content\/uploads\/logo-web.jpg\",\"width\":284,\"height\":172,\"caption\":\"Serge Beaudette Nature\"},\"image\":{\"@id\":\"https:\/\/www.pitpitpit.com\/blogue\/#\/schema\/logo\/image\/\"},\"sameAs\":[\"https:\/\/www.facebook.com\/pitpitpitoiseaux\"]}]}<\/script>\n<!-- \/ Yoast SEO plugin. -->","yoast_head_json":{"title":"CONF\u00c9RENCES - Voyages ornithologiques Serge Beaudette","robots":{"index":"index","follow":"follow","max-snippet":"max-snippet:-1","max-image-preview":"max-image-preview:large","max-video-preview":"max-video-preview:-1"},"canonical":"https:\/\/www.pitpitpit.com\/blogue\/conferences\/","og_locale":"fr_FR","og_type":"article","og_title":"CONF\u00c9RENCES - Voyages ornithologiques Serge Beaudette","og_description":"(Les conf\u00e9rences peuvent \u00eatre offertes en\u00a0pr\u00e9sentiel\u00a0ou en\u00a0virtuel) Serge Beaudette se consacre \u00e0 temps plein \u00e0 sensibiliser les gens \u00e0 la nature, son respect et sa compr\u00e9hension. Chroniqueur r\u00e9gulier \u00e0 Radio-Canada et pour La Tribune, il signe aussi des textes dans plusieurs livres et revues. Ces textes sont agr\u00e9ment\u00e9s de ses photographies, \u00e0 travers lesquelles il [&hellip;]","og_url":"https:\/\/www.pitpitpit.com\/blogue\/conferences\/","og_site_name":"Voyages ornithologiques Serge Beaudette","article_publisher":"https:\/\/www.facebook.com\/pitpitpitoiseaux","article_modified_time":"2024-08-28T14:57:39+00:00","twitter_card":"summary_large_image","twitter_misc":{"Dur\u00e9e de lecture estim\u00e9e":"2 minutes"},"schema":{"@context":"https:\/\/schema.org","@graph":[{"@type":"WebPage","@id":"https:\/\/www.pitpitpit.com\/blogue\/conferences\/","url":"https:\/\/www.pitpitpit.com\/blogue\/conferences\/","name":"CONF\u00c9RENCES - Voyages ornithologiques Serge Beaudette","isPartOf":{"@id":"https:\/\/www.pitpitpit.com\/blogue\/#website"},"datePublished":"2015-04-24T16:35:08+00:00","dateModified":"2024-08-28T14:57:39+00:00","breadcrumb":{"@id":"https:\/\/www.pitpitpit.com\/blogue\/conferences\/#breadcrumb"},"inLanguage":"fr-FR","potentialAction":[{"@type":"ReadAction","target":["https:\/\/www.pitpitpit.com\/blogue\/conferences\/"]}]},{"@type":"BreadcrumbList","@id":"https:\/\/www.pitpitpit.com\/blogue\/conferences\/#breadcrumb","itemListElement":[{"@type":"ListItem","position":1,"name":"Accueil","item":"https:\/\/www.pitpitpit.com\/blogue\/"},{"@type":"ListItem","position":2,"name":"CONF\u00c9RENCES"}]},{"@type":"WebSite","@id":"https:\/\/www.pitpitpit.com\/blogue\/#website","url":"https:\/\/www.pitpitpit.com\/blogue\/","name":"Serge Beaudette Nature","description":"Explorer, D\u00e9couvrir, Conna\u00eetre, S&#039;\u00e9merveiller!","publisher":{"@id":"https:\/\/www.pitpitpit.com\/blogue\/#organization"},"potentialAction":[{"@type":"SearchAction","target":{"@type":"EntryPoint","urlTemplate":"https:\/\/www.pitpitpit.com\/blogue\/?s={search_term_string}"},"query-input":"required name=search_term_string"}],"inLanguage":"fr-FR"},{"@type":"Organization","@id":"https:\/\/www.pitpitpit.com\/blogue\/#organization","name":"Serge Beaudette Nature","url":"https:\/\/www.pitpitpit.com\/blogue\/","logo":{"@type":"ImageObject","inLanguage":"fr-FR","@id":"https:\/\/www.pitpitpit.com\/blogue\/#\/schema\/logo\/image\/","url":"https:\/\/www.pitpitpit.com\/blogue\/wp-content\/uploads\/logo-web.jpg","contentUrl":"https:\/\/www.pitpitpit.com\/blogue\/wp-content\/uploads\/logo-web.jpg","width":284,"height":172,"caption":"Serge Beaudette Nature"},"image":{"@id":"https:\/\/www.pitpitpit.com\/blogue\/#\/schema\/logo\/image\/"},"sameAs":["https:\/\/www.facebook.com\/pitpitpitoiseaux"]}]}},"_links":{"self":[{"href":"https:\/\/www.pitpitpit.com\/blogue\/wp-json\/wp\/v2\/pages\/5145"}],"collection":[{"href":"https:\/\/www.pitpitpit.com\/blogue\/wp-json\/wp\/v2\/pages"}],"about":[{"href":"https:\/\/www.pitpitpit.com\/blogue\/wp-json\/wp\/v2\/types\/page"}],"author":[{"embeddable":true,"href":"https:\/\/www.pitpitpit.com\/blogue\/wp-json\/wp\/v2\/users\/2"}],"replies":[{"embeddable":true,"href":"https:\/\/www.pitpitpit.com\/blogue\/wp-json\/wp\/v2\/comments?post=5145"}],"version-history":[{"count":22,"href":"https:\/\/www.pitpitpit.com\/blogue\/wp-json\/wp\/v2\/pages\/5145\/revisions"}],"predecessor-version":[{"id":15815,"href":"https:\/\/www.pitpitpit.com\/blogue\/wp-json\/wp\/v2\/pages\/5145\/revisions\/15815"}],"wp:attachment":[{"href":"https:\/\/www.pitpitpit.com\/blogue\/wp-json\/wp\/v2\/media?parent=5145"}],"curies":[{"name":"wp","href":"https:\/\/api.w.org\/{rel}","templated":true}]}}